s the tens digit of m?
2
Let r(l) = 6*l**2 - l + 9. Let b = -45 + 77. Suppose 6*w + 2*w - b = 0. What is the tens digit of r(w)?
0
Suppose 191 = 3*o + 56. Suppose 0 = -o*k + 42*k. Suppose -914 = -4*i + 3*c, 4*i - 3*c + 8*c - 930 = k. What is the tens digit of i?
3
What is the hundreds digit of ((-11607)/(-30) - (-2)/(-5))/((-1)/(-58))?
4
Let d be (-57)/(-152) + (-1765)/(-8). Let f = d + 10. What is the units digit of f?
1
Let y(k) = -628*k - 509. What is the tens digit of y(-10)?
7
Suppose -2*x - 256*g = -254*g - 76626, x = 5*g + 38289. What is the thousands digit of x?
8
Suppose -8*j - 60 = 4*j. What is the hundreds digit of 255/10*8 - j?
2
Suppose -12*w = -13*w - 1. Let d be 5 - (5 + -4 - w). Suppose -4*t = d*g - 110, -154 = -5*g - t + 1. What is the tens digit of g?
3
Suppose -2*o = 2*k - 442, 2*o + 1119 = 52*k - 47*k. Suppose c - k = 1299. What is the units digit of c?
2
Suppose 4*v = -4*t - 16 + 48, 0 = -t + 3*v - 12. Suppose 90 = 5*y + 5*l, t*l - 36 = -2*y + 7*l. Let b = y - 1. What is the units digit of b?
7
Let n = -59 + 36. Let u = 25 + n. Suppose 5*g = q + 301, -3*q + 38 = -u*g + 148. What is the units digit of g?
1
Let g = 4 - -3. Suppose 5*o = -v + 5, -4*o = -v - g - 6. Suppose -535 = o*d - 7*d. What is the tens digit of d?
0
Let s(m) = -136*m**2 - 143*m**2 + 286*m**2 - 2*m - 4*m. Let b = 15 - 11. What is the units digit of s(b)?
8
Let r(n) = -2*n**3 - 7*n**2 + 11*n - 38. Let u be 35/(-20)*(-1 + -3)*-1. What is the tens digit of r(u)?
2
Let w(z) = 958 + 31*z - z**2 - 7*z - 971. Let i = -47 - -57. What is the hundreds digit of w(i)?
1
Let u = -2913 - -2910. Let o(n) = n - 10 + 0*n**2 + 11*n**2 - n**2. What is the tens digit of o(u)?
7
Let x(i) = -12*i - 76. Let l be x(-6). What is the hundreds digit of l*(-137 + (-2 - -8 - 2))?
5
Let c(z) = -22*z + 5. Let l(d) = d**2 + 5*d - 4. Let p be l(-6). Let s be c(p). Let i = 87 + s. What is the tens digit of i?
4
Let x(q) be the third derivative of q**5/15 + q**4/6 - 7*q**3/6 + 18*q**2. Let g be ((-18)/30)/(2/(-10)). What is the tens digit of x(g)?
4
Suppose -138*s - 154238 = -686504. What is the tens digit of s?
5
Suppose 4*y + 6*n = 2957 + 1255, -4*n = 24. What is the tens digit of y?
6
What is the tens digit of (19 + 11256/(-48))*-2*1?
3
Suppose 0 = 5*q - 2*o - 24, -4*q + 15 = 4*o - 7*o. Suppose q*b - 15*b = 0. What is the tens digit of (2 - (b - -1))*(-76)/(-1)?
7
Let s(j) = 30*j**2 - 18*j - 58. Let d = 310 + -314. What is the units digit of s(d)?
4
Suppose o + 8 - 10 = 0. Suppose -o*g - 3*g = 5*c - 315, 4*g = -c + 258. What is the tens digit of g?
6
Let u(q) = q**2 + 2*q + 12. Let m = -30 - -34. Suppose -5*z + 6 = 3*l, 3*z + 8 = 2*z + m*l. What is the units digit of u(z)?
2
Let v be 2 + 3*-2 + 4. Suppose v*g + 3*g + 5*r - 265 = 0, -g - 2*r = -90. Let t = g - -64. What is the hundreds digit of t?
1
Suppose 0 = -3*p + 62 + 118. Suppose 0 = 5*d - 5*l + 455, l = -3*d - p - 197. Let v = d + 103. What is the units digit of v?
6
Suppose -3 = 3*x, -4*g + 6*x = x - 9. Suppose 5*y - 6*y + 4*z = -734, 0 = z - g. What is the hundreds digit of y?
7
Let j be 75/(-6) - -4 - 4/8. What is the units digit of 352 + (-1 - j)/(-4)?
0
Let k = 20720 + -18646. What is the units digit of k?
4
Let g be (12468/(-39))/(-2) + 4/26. Suppose 6*l - l - g = 0. Let b = 72 - l. What is the tens digit of b?
4
Let l(y) = 2*y**3 - 12*y**2 + 5*y + 4. Let w be l(5). Let x be (-1792)/w + 2/(-6). Let d = 130 - x. What is the tens digit of d?
4
Let a(z) = 2*z - 22. Let j be a(13). Let u(d) = -33*d - 21. Let f(n) = -33*n - 20. Let x(c) = j*f(c) - 3*u(c). What is the units digit of x(-5)?
8
Let o = -89 - -194. Let p be (18/8)/(((-315)/(-1180))/21). Let v = p - o. What is the tens digit of v?
7
Suppose -p = p - 4*c - 34, -72 = -4*p + 4*c. Let m = 39 - p. What is the tens digit of 836/m + (-2)/(-10)?
4
Let h(l) be the first derivative of -l**3/3 + 23*l**2 + 42*l - 263. What is the hundreds digit of h(27)?
5
Suppose -141440 + 648 = -5*g + 40478. What is the units digit of g?
4
Let y = 18 - 19. Let a be ((-11)/22)/(y/86). Let m = 71 - a. What is the units digit of m?
8
Suppose 14*f = 8*f - 12*f. Suppose -279*i + 269*i + 8840 = f. What is the hundreds digit of i?
8
Suppose -2*g + 2 = 3*x - 0, -2*g - 2 = 2*x. Suppose 59 = -i + 4*t + 510, -i = x*t - 451. What is the units digit of i?
1
Let d be (33/(-2))/(1/(-2)). Let u(g) = 4*g**2 - 10*g - 4. Let x be u(4). Let p = d - x. What is the tens digit of p?
1
Let y(c) = 59*c**2 - 5*c + 35. Let g be y(-6). Let z = 3179 - g. What is the tens digit of z?
9
Let f = -7 + 2. Let a(b) be the second derivative of b**4/6 + 2*b**3 + 17*b**2/2 - 1010*b. What is the units digit of a(f)?
7
Let h = -2275 + 939. What is the hundreds digit of h*(-2)/(-16)*-2?
3
Let s(c) = -354*c + 211. Let r be s(-11). Suppose w - 15*b + 10*b = 1039, -r = -4*w + 3*b. What is the tens digit of w?
2
Let k = -40 + 46. Suppose k*a - 3 - 21 = 0. Suppose -a*r - 3*r = -406. What is the units digit of r?
8
Suppose 0 = 165*l - 163*l. Suppose l = 3*d - i - 3*i - 2522, -2*i = -2. What is the hundreds digit of d?
8
What is the tens digit of (24 + -23)*(-5 + 4)*-43399?
9
Let v = 868 + -861. What is the units digit of 1574*(8 - v) - -7?
1
Let x be 3/(-9) - (-1144)/(-24). Let y be (-16)/x + (-1)/3. Suppose f + m + 37 = 133, 3*m - 6 = y. What is the tens digit of f?
9
Suppose 0 = 2*g + 9*g + 3036. Let o = 521 + g. Let k = -81 + o. What is the hundreds digit of k?
1
Suppose -153237 = 29*k - 251550 - 503292. What is the ten thousands digit of k?
2
Let b(f) = 48*f + 27. Suppose 4*q + 2*v - 28 = -q, 5*q - v = 16. What is the units digit of b(q)?
9
Let y(n) = 32*n - 28. Suppose -2 = -p + 22. What is the hundreds digit of y(p)?
7
Let a(n) = 55*n + 8. Let c(x) = -7*x + 7. Let f(s) = -s + 1. Let p(j) = -c(j) + 6*f(j). Let v(l) = 2*a(l) + 14*p(l). What is the units digit of v(1)?
6
Let t be 10/8 - (5/4 + -1). Let u be 5/t - (-3 + (-9)/(-3)). Suppose 5*q + 3*h = 53, u*h = -3*q + 35 - 0. What is the tens digit of q?
1
Suppose s = 1 + 4. Let g(x) = 16*x**2 - 18*x + 28. What is the tens digit of g(s)?
3
Let l = -3465 + 13940. What is the tens digit of l?
7
Suppose -170*l + 77*l = -61*l - 1971936. What is the hundreds digit of l?
6
Suppose -16*k + 12*k - 3*f = 4, 3*f - 4 = -2*k. What is the hundreds digit of (-4)/8 + k/((-16)/7514)?
8
Suppose 4*t - 15297 = -4*s - 1585, 0 = 2*t + s - 6855. What is the units digit of t?
7
Suppose -3*h = -k + 19 - 6, -3*h = 12. Let p(z) = 3 + 49*z**3 + 32*z**3 - z**2 - z - 1. What is the tens digit of p(k)?
8
Suppose -5*i = -38*i - 38520 + 208338. What is the hundreds digit of i?
1
Suppose 71*v - 15441405 = -128*v. What is the hundreds digit of v?
5
Suppose 3*n - 26 = -3*s + 79, -4*n = 5*s - 143. Suppose -n + 22 = -a. Let z = 52 - a. What is the tens digit of z?
4
Let d(n) = 3. Let f(h) = -7. Let v(s) = 9*d(s) + 4*f(s). Let i(c) = 4*c - 20. Let p(z) = -i(z) - 5*v(z). What is the hundreds digit of p(-19)?
1
Let y(a) = 461*a**2 + 109*a + 338. What is the ten thousands digit of y(-8)?
2
Let i(f) be the third derivative of f**5/60 + 7*f**4/24 + 9*f**3 + 25*f**2 - f. What is the units digit of i(13)?
4
Let q(j) = -174*j + 14. Let b(h) = h**2 - 27*h - 2. Let f be b(27). What is the units digit of q(f)?
2
What is the thousands digit of 47982 + -6 + -12 - -19?
7
Suppose 231*v + 558999 = 250*v. What is the thousands digit of v?
9
What is the hundreds digit of (-243)/(43088/5392 + -8)?
2
Let g be (6*4)/(1221/1218 + -1). Suppose -12*f = 17*f - g. What is the units digit of f?
6
Suppose -5*p = 20, p + 31 + 0 = 3*d. What is the units digit of (1 - -1) + 3915/d?
7
Suppose 5*t - 12 - 108 = 0. Suppose 30 = 6*y - t. What is the units digit of y?
9
Suppose 0 = -c + p + 204, 2*c - 3*p - 413 = -0*c. What is the tens digit of c + (-378)/(-99) + 4/22?
0
Let v(b) = 9*b**2 - 80*b + 64. Let n be v(8). Let k = -9 - -17. Suppose n = k*y - 245 - 995. What is the hundreds digit of y?
1
Suppose 16 = -141*u + 139*u, n = 4*u + 19204. What is the thousands digit of n?
9
Let m be (-2)/15 + (-2)/(-15) - 3. Let k(p) = 16*p**2 - p + 5. What is the units digit of k(m)?
2
Let f(t) = t + 23. Let q be f(-18). Suppose -4*c - 2*s + 508 = 2*s, -389 = -3*c + q*s. What is the hundreds digit of c?
1
Let z(o) = -5. Let t(s) = -252*s - 142. Let k(x) = t(x) + 3*z(x). W